5)?
2, 3, 5
Suppose 2*u - 28*u + 100049 = -25505. What are the prime factors of u?
11, 439
Let l = -29 - -35. Suppose l*z - 9 + 9 = 0. Suppose 5*x = -o - z*o + 121, -2*x + 136 = o. What are the prime factors of o?
2, 73
Let c be ((-3)/(12/(-2)))/((-2)/4). Let o be ((-8)/(-2))/1 + c. Suppose -o*r + 2*l = 2*r - 135, 20 = 4*l. What are the prime factors of r?
29
Suppose 5*o - 200328 = 1942*n - 1945*n, -3*o = -3*n + 200304. List the prime factors of n.
3, 2473
Let v = 119 + -24. Let g = v - 103. Let k(l) = -l**3 - 8*l**2 - 19*l - 22. List the prime factors of k(g).
2, 5, 13
Suppose -5 = 5*r + 5*x, 4*r + x + 14 = -x. Let l be (-36)/(-10) - r/15. Suppose -5*n + 173 = -2*j - 32, -l*n - j + 177 = 0. What are the prime factors of n?
43
Suppose 6*y - 15 = y, -4*x + 233 = -y. Let u = 66 - x. Suppose -3*f + u*d - 3*d + 335 = 0, -f - 4*d = -117. List the prime factors of f.
113
Let u be (7*(-8)/(-196))/((-1)/(-91)). Let d = u + 98. List the prime factors of d.
2, 31
Suppose 50*r - 1206751 = -39*r. What are the prime factors of r?
7, 13, 149
Suppose 14*w = 4*f + 19*w - 225734, -3*f + 3*w + 169341 = 0. List the prime factors of f.
7, 11, 733
Let y(k) = -826*k + 168. What are the prime factors of y(-48)?
2, 3, 7, 79
Let z(p) = 510*p**2 - 73*p + 791. What are the prime factors of z(10)?
51061
Suppose 20 = -29*v + 33*v. Suppose v*w - 317 = 2603. What are the prime factors of w?
2, 73
Let o be ((-5)/(5/44))/((-2)/28). Suppose -5*p = 5*r - 1060, 3*p = -0*p + r + o. List the prime factors of p.
3, 23
Let r(x) = -14*x**2 + 2*x + 4. Let i be r(-1). List the prime factors of 16/i*261/(-2).
2, 3, 29
Suppose 5*u - 52 = -3*i, -54*i + 4*u = -52*i + 2. Suppose 4*p = -x + 5441, 0*p - p - 4*x + 1364 = 0. Suppose -i*h + p = h. List the prime factors of h.
2, 17
Suppose 21*g - 3*g = -108. List the prime factors of g/(-9)*(-30)/(-4).
5
Let f(g) = -7*g - 75. Let n be f(-14). Suppose -19921 = -n*j + 12*j. What are the prime factors of j?
1811
Let g = -66819 - -110236. List the prime factors of g.
11, 3947
Let n be 32/14 - 24/84. Let v = 202 + -198. Suppose 161 - 525 = -4*p + v*u, -n*p = u - 191. What are the prime factors of p?
2, 47
Suppose 4*u - 10 = -a + 5*u, 4*a - 2*u = 36. Suppose -4*v - a*o + 16 = -4*o, 4*v - o = 21. List the prime factors of v/30 + (299/(-6))/(-1).
2, 5
Let y = 20610 - -17414. List the prime factors of y.
2, 7, 97
Suppose 26*j - 31*j + 1580 = 0. Let p = -168 + j. Suppose 5*o - 5 = 0, 5*c + 3*o - p = -0*o. What are the prime factors of c?
29
Let q(y) = 3*y**3 + 5*y**2 - 3*y + 8. Let o be q(-2). Suppose r - 7 = -0*r. Suppose -o*x = -r*x - 315. List the prime factors of x.
3, 5, 7
Let i(c) = 50*c**2 + 8*c + 16. Let f = 441 + -436. List the prime factors of i(f).
2, 653
Suppose -f - 2 = -2*i - 4, 25 = -3*i - 4*f. Let n(o) = -94*o - 3. List the prime factors of n(i).
3, 31
Suppose 2*s - 218 = -0*g + g, 5*g = 0. Let j = 86 + -33. Let f = s - j. List the prime factors of f.
2, 7
Let m(q) = -26*q**2 - 23 + 69 + 47 - 2*q**3 + 3*q**3 + 5*q. List the prime factors of m(26).
223
Let y be 2/(-5*4/1190). Let o = y - -267. List the prime factors of o.
2, 37
Suppose -2*k + v + 39 = 0, -2*k + 4*k - 5*v - 27 = 0. Suppose 0 = -0*h + h - k. List the prime factors of (h + 9)*(-14)/(-3).
2, 5, 7
Suppose 0 = -2*y - 765 + 103. Let b = -251 - y. List the prime factors of b.
2, 5
Suppose 56*u - 59*u + 1478 = r, 3*r - 4424 = u. List the prime factors of r.
5, 59
Suppose 10*p + 181 - 211 = 0. Suppose 5*j + 1060 = p*o + o, j + 266 = o. List the prime factors of o.
2, 3, 5
Let j = -33 - -49. Suppose 23*i = j*i + 2198. Suppose 5*r - 151 = -2*w + 151, -2*w - 2*r = -i. List the prime factors of w.
7, 23
What are the prime factors of (103 + -112 - (-53)/6) + 549086/12?
45757
Suppose 7*s = 8*s + 2*s. Suppose 3*p - 196 = -2*t - s*t, -284 = -4*p + 3*t. What are the prime factors of p?
2, 17
Suppose -127 = -6*m + 1229. Suppose 0 = 3*j - 5*b - m, -5*j + 280 = 5*b - 70. What are the prime factors of j?
2, 3
Let o(g) = -5*g - 6*g + 2*g - 3 + 10. What are the prime factors of o(-19)?
2, 89
Suppose -3*t - 16 - 14 = 0. Let p = -10 - t. Let d(v) = v**2 + 2*v + 37. What are the prime factors of d(p)?
37
Let t(r) = -40*r**2 + 2*r - 2 + 3*r**3 - 2*r**3 + 82*r**2 - 41*r**2. Let m be t(4). Suppose m = g - 54. List the prime factors of g.
2, 5, 7
Let j(o) be the third derivative of o**6/120 + o**5/12 + o**4/8 - o**3/6 - 22*o**2. Let s be j(-2). What are the prime factors of (754/s - -2) + 4/20?
3, 17
Suppose -3*p = 8 - 20. Suppose 2*r = 10, -p*y + 5*r = r - 804. Suppose -5*v - 2*k - y = -861, -3*k + 524 = 4*v. What are the prime factors of v?
131
Suppose 2*j + 35 = -b + 6*b, 0 = -2*b - 2*j. Suppose -b*i + 2*s + 479 = -s, 5*i = 4*s + 482. What are the prime factors of i?
2, 47
Let w(j) = -8*j - 70. Let n be w(-8). Let y(z) = -2*z**3 - 2*z**2 + 14*z - 5. What are the prime factors of y(n)?
271
Suppose 4*c - 1092 = -2*c. Suppose 4*d - 2*d = c. List the prime factors of d.
7, 13
Suppose 13*d = 16*d - 45. Suppose h - 3*t = t + 20, 4*h = 3*t + d. What are the prime factors of ((-1 + h)/1)/(5/(-455))?
7, 13
Let w be (-884)/28 + (-6)/14. Let i = w + 32. Suppose i = c - s - 91, c - 4*s = -53 + 159. List the prime factors of c.
2, 43
Let a(p) = 35*p - 81. Suppose -31*y + 168 = -607. List the prime factors of a(y).
2, 397
List the prime factors of ((-10)/30)/((-12)/174744).
2, 3, 809
Suppose -123 = 9*n + 75. Let s = n - -22. Suppose 3*w - 65 - 262 = s. What are the prime factors of w?
109
Suppose -3*p + 3 = 3*h + 12, 4*p = -3*h - 12. List the prime factors of 3 + 530 - (3 - h/(-1)).
2, 5, 53
Suppose 2*d = -15*s + 19*s + 6234, 3*d - 2*s - 9331 = 0. List the prime factors of d.
13, 239
Let n(b) = -b**3 - 41*b**2 - 84*b + 154. What are the prime factors of n(-48)?
2, 7, 1451
Suppose 3*k + 3 = -5*v, -2*k + 2*v + 10 = -k. Let a be (k/(-7))/((-4)/14). Suppose -20 = -a*s + 332. List the prime factors of s.
2, 11
Let w be (-56 + 44)*3/((-3)/(-2)). Let l = w + 29. Suppose 3*b + 9 = 0, 3*y + l*b - 195 = 48. What are the prime factors of y?
2, 43
Let p be 8 - (4 - 5/5). Suppose p*b = -5*b + 4070. Let r = b + -241. What are the prime factors of r?
2, 83
Suppose -10*f + 3*f - 1785 = 0. Let t = 784 + f. What are the prime factors of t?
23
Suppose 0*l + 3*l = b + 17, 2*b = -5*l + 21. Let y = -402 - -399. List the prime factors of (y + 90)*b/(-2).
3, 29
Let n(t) = -t**2 + 4*t - 3. Let u be n(5). Let z(f) = -13 + 343*f - 721*f + 366*f. List the prime factors of z(u).
83
Let h(r) = 33*r**2 - 23*r + 74. List the prime factors of h(-6).
2, 5, 7
Suppose -4*c = -2*t + 25278, 2*t = -5*c + 5261 + 20044. List the prime factors of t.
3, 5, 281
Let g be 4/14 + (-506)/7. Let i = 6845 - 6803. Let y = i - g. List the prime factors of y.
2, 3, 19
Let j(l) = -18*l + 73. List the prime factors of j(-11).
271
Let u be ((-20)/(-15))/((-4)/(-6)). Suppose -d + 4*b = 18, -b + u = -3*d + 3. What are the prime factors of d?
2
Let m(y) = -2*y**2 - 7*y + 23. Let q be m(3). Let g(p) = -22*p - 110. What are the prime factors of g(q)?
2, 11
Let c be -5*((-13)/20 - 9/(-36)). Suppose -4*x = c*l - 1334, 5*l - 4*x - 4047 = -768. What are the prime factors of l?
659
Let o be (-28404)/(-48) + (-1)/(-4). Let s = o - 842. Let v = -151 - s. What are the prime factors of v?
3, 11
Let s(g) = g**3 + 28*g**2 - 2*g - 23. Let q be s(-20). Suppose 0*m + q = 5*m - z, 3*z - 1280 = -2*m. What are the prime factors of m?
643
Suppose q + 36 = 5*q. Suppose 0 = q*i - 11*i. List the prime factors of i/(2 - 0) - (-1 + -113).
2, 3, 19
What are the prime factors of 25*(-620 - -20)*(-4)/10?
2, 3, 5
Suppose 4*o - 20383 - 20853 = -s, 30922 = 3*o + 2*s. List the prime factors of o.
2, 5, 1031
Let f(z) be the first derivative of 17*z**4/4 + 2*z**3/3 - 7*z**2/2 - 13*z - 139. List the prime factors of f(4).
13, 83
Let p(x) = -x**2 - 3*x + 11. Let u be p(0). Suppose 15*s - 1072 = u*s. What are the prime factors of s?
2, 67
Suppose 1538 = 2*w - 232. Suppose -3*p + 0*p - 4*s = -w, -s = 0. Suppose -10*t + 15*t - p = 0. List the prime factors of t.
59
Suppose -4*a + 17636 = 4*x, -26*a = -29*a + 2*x + 13197. List the prime factors of a.
7, 17, 37
Suppose w - 232 = -622. Let x = w + 715. List the prime factors of x.
5, 13
Let o(u) = -3*u - u**2 - 9*u + 0*u - 17. Let q be o(-8). What are the prim